31511
List the prime factors of 8072206.
2, 4036103
What are the prime factors of 2293892?
2, 573473
What are the prime factors of 107625?
3, 5, 7, 41
What are the prime factors of 203085?
3, 5, 4513
What are the prime factors of 202177?
181, 1117
What are the prime factors of 15246188?
2, 3811547
List the prime factors of 27687777.
3, 13, 97, 563
What are the prime factors of 593687?
67, 8861
What are the prime factors of 5948355?
3, 5, 7, 8093
What are the prime factors of 1518033?
3, 11, 157, 293
List the prime factors of 3473714.
2, 1061, 1637
What are the prime factors of 64806?
2, 3, 7, 1543
What are the prime factors of 1704950?
2, 5, 13, 43, 61
What are the prime factors of 2874149?
19, 23, 6577
What are the prime factors of 741503?
7, 105929
What are the prime factors of 346880?
2, 5, 271
What are the prime factors of 5899105?
5, 751, 1571
List the prime factors of 4761850.
2, 5, 131, 727
What are the prime factors of 228982?
2, 13, 8807
List the prime factors of 5936875.
5, 7, 23, 59
What are the prime factors of 1249384?
2, 59, 2647
What are the prime factors of 986731?
17, 58043
List the prime factors of 52641.
3, 5849
What are the prime factors of 270386?
2, 135193
List the prime factors of 883481.
19, 46499
List the prime factors of 221109.
3, 7, 10529
List the prime factors of 2917535.
5, 709, 823
List the prime factors of 1920615.
3, 5, 19, 23, 293
What are the prime factors of 87026?
2, 53, 821
What are the prime factors of 1093670?
2, 5, 109367
List the prime factors of 26976.
2, 3, 281
What are the prime factors of 33709?
13, 2593
What are the prime factors of 629736?
2, 3, 19, 1381
What are the prime factors of 210120?
2, 3, 5, 17, 103
What are the prime factors of 3457529?
359, 9631
What are the prime factors of 250134?
2, 3, 47, 887
List the prime factors of 672336.
2, 3, 7, 23, 29
List the prime factors of 112243.
107, 1049
List the prime factors of 1890279.
3, 210031
What are the prime factors of 1625530?
2, 5, 162553
What are the prime factors of 17935047?
3, 13, 37, 1381
What are the prime factors of 1551999?
3, 43, 53, 227
What are the prime factors of 1705036?
2, 23, 43, 431
What are the prime factors of 2950009?
2950009
What are the prime factors of 375706?
2, 19, 9887
What are the prime factors of 3133936?
2, 13, 19, 61
List the prime factors of 1292387.
1292387
List the prime factors of 3532464.
2, 3, 13, 17, 37
What are the prime factors of 9070584?
2, 3, 139, 2719
What are the prime factors of 1190520?
2, 3, 5, 3307
What are the prime factors of 1032961?
1032961
What are the prime factors of 341585?
5, 53, 1289
What are the prime factors of 1585819?
1585819
What are the prime factors of 85379?
7, 12197
What are the prime factors of 2574829?
31, 83059
List the prime factors of 344995.
5, 7, 9857
What are the prime factors of 212092?
2, 17, 3119
List the prime factors of 827145.
3, 5, 11, 557
List the prime factors of 30733.
73, 421
What are the prime factors of 29406027?
3, 7, 200041
What are the prime factors of 178696?
2, 7, 3191
List the prime factors of 1054326.
2, 3, 7, 13, 1931
What are the prime factors of 2732118?
2, 3, 455353
What are the prime factors of 1693641?
3, 19, 43, 691
What are the prime factors of 424538?
2, 37, 5737
What are the prime factors of 1165791?
3, 11, 35327
List the prime factors of 846801.
3, 79, 397
List the prime factors of 1148639.
17, 67567
List the prime factors of 424215.
3, 5, 11, 857
What are the prime factors of 3059180?
2, 5, 152959
List the prime factors of 3429871.
31, 110641
What are the prime factors of 744770?
2, 5, 13, 17, 337
List the prime factors of 118135.
5, 23627
What are the prime factors of 9963172?
2, 293, 8501
What are the prime factors of 569109?
3, 17, 11159
What are the prime factors of 3871551?
3, 521, 2477
What are the prime factors of 4098207?
3, 17, 107, 751
What are the prime factors of 662640?
2, 3, 5, 11, 251
List the prime factors of 291198.
2, 3, 48533
List the prime factors of 7745234.
2, 7, 17, 4649
What are the prime factors of 609275?
5, 24371
What are the prime factors of 1312198?
2, 809, 811
List the prime factors of 2614382.
2, 479, 2729
What are the prime factors of 4726459?
17, 19, 14633
What are the prime factors of 718377?
3, 11, 1979
List the prime factors of 15735750.
2, 3, 5, 20981
What are the prime factors of 2889574?
2, 1444787
What are the prime factors of 3034636?
2, 11, 17, 4057
List the prime factors of 10764836.
2, 2691209
What are the prime factors of 187415?
5, 37483
What are the prime factors of 3468438?
2, 3, 233, 827
List the prime factors of 5583325.
5, 11, 79, 257
List the prime factors of 6738253.
31, 217363
List the prime factors of 99734.
2, 47, 1061
What are the prime factors of 9486779?
191, 49669
What are the prime factors of 3990163?
109, 36607
What are the prime factors of 1437578?
2, 19, 37831
List the prime factors of 3195365.
5, 29, 22037
What are the prime factors of 102789?
3, 47
What are the prime factors of 10476?
2, 3, 97
List the prime factors of 5447035.
5, 11, 97, 1021
What are the prime factors of 7640502?
2, 3, 1273417
What are the prime factors of 267602?
2, 133801
List the prime factors of 425633.
13, 29, 1129
List the prime factors of 1243999.
31, 40129
What are the prime factors of 18897547?
18897547
What are the prime factors of 1271576?
2, 53, 2999
What are the prime factors of 1297322?
2, 13, 41, 1217
List the prime factors of 1414891.
23, 227, 271
List the prime factors of 220397.
433, 509
What are the prime factors of 2011467?
3, 670489
List the prime factors of 5794829.
19, 37, 8243
What are the prime factors of 6688067?
29, 211, 1093
List the prime factors of 950787.
3, 89, 1187
What are the prime factors of 9442127?
9442127
List the prime factors of 3218889.
3, 37, 47, 617
List the prime factors of 4564507.
127, 283
What are the prime factors of 1452534?
2, 3, 109, 2221
What are the prime factors of 2159511?
3, 41, 97, 181
List the prime factors of 2331398.
2, 233, 5003
What are the prime factors of 710984?
2, 88873
What are the prime factors of 160721?
11, 19, 769
List the prime factors of 329145.
3, 5, 21943
What are the prime factors of 369036?
2, 3, 17, 67
What are the prime factors of 123036?
2, 3, 10253
What are the prime factors of 2059429?
19, 107, 1013
What are the prime factors of 654105?
3, 5, 43607
List the prime factors of 79097.
19, 23, 181
List the prime factors of 258207.
3, 86069
What are the prime factors of 4600627?
4600627
List the prime factors of 31427743.
31427743
What are the prime factors of 150324?
2, 3, 12527
What are the prime factors of 573953?
573953
What are the prime factors of 1111257?
3, 7, 31, 569
List the prime factors of 1406281.
1406281
List the prime factors of 157351.
157351
What are the prime factors of 1140820?
2, 5, 57041
List the prime factors of 1114707.
3, 11, 17, 1987
What are the prime factors of 13358612?
2, 3339653
List the prime factors of 1631550.
2, 3, 5, 73, 149
What are the prime factors of 219229?
211, 1039
List the prime factors of 2597541.
3, 865847
List the prime factors of 186859.
186859
List the prime factors of 2470669.
31, 79699
What are the prime factors of 240108?
2, 3, 11, 17, 107
What are the prime factors of 591266?
2, 13, 22741
List the prime factors of 1279861.
11, 116351
List the prime factors of 16109970.
2, 3, 5, 536999
What are the prime factors of 8201072?
2, 11, 17, 2741
List the prime factors of 2282017.
2282017
What are the prime factors of 2020158?
2, 3, 7, 16033
List the prime factors of 2634902.
2, 1317451
What are the prime factors of 3471258?
2, 3, 7, 11807
List the prime factors of 1551844.
2, 7, 19, 2917
List the prime factors of 121219.
7, 17317
List the prime factors of 6385461.
3, 2128487
What are the prime factors of 153144?
2, 3, 709
List the prime factors of 4831665.
3, 5, 322111
List the prime factors of 2948947.
859, 3433
List the prime factors of 644154.
2, 3, 7, 313
What are the prime factors of 156649?
43, 3643
List the prime factors of 488587.
11, 44417
What are the prime factors of 854159?
854159
What are the prime factors of 1754744?
2, 43, 5101
List the prime factors of 14076148.
2, 1667, 2111
List the prime factors of 30608.
2, 1913
What are the prime factors of 943764?
2, 3, 31